{"id":396,"date":"2014-01-06T22:07:07","date_gmt":"2014-01-06T20:07:07","guid":{"rendered":"https:\/\/rheinbrands.com\/wordpress\/?page_id=396"},"modified":"2016-08-18T10:37:25","modified_gmt":"2016-08-18T08:37:25","slug":"partner","status":"publish","type":"page","link":"https:\/\/rheinbrands.com\/wordpress\/partner\/","title":{"rendered":"partner"},"content":{"rendered":"<h2>Das Ganze ist mehr als die Summe seiner Teile&#8230;<hr class=\"symple-divider solid \" style=\"margin-top: 20px;margin-bottom: 20px;\" \/><\/h2>\n<h3><\/h3>\n<h3>Bio Partner<\/h3>\n<p><a title=\"Bio partner\" href=\"http:\/\/www.biopartner.ch\" target=\"_blank\"><img loading=\"lazy\" class=\"alignnone wp-image-2057\" src=\"https:\/\/rheinbrands.com\/wordpress\/wp-content\/uploads\/2014\/01\/Biopartner_Logo_rgb_100_A4.jpg\" alt=\"Biopartner_Logo_rgb_100_A4\" width=\"312\" height=\"61\" srcset=\"https:\/\/rheinbrands.com\/wordpress\/wp-content\/uploads\/2014\/01\/Biopartner_Logo_rgb_100_A4.jpg 508w, https:\/\/rheinbrands.com\/wordpress\/wp-content\/uploads\/2014\/01\/Biopartner_Logo_rgb_100_A4-300x58.jpg 300w\" sizes=\"(max-width: 312px) 100vw, 312px\" \/><\/a><\/p>\n<p>Bio Partner ist der f\u00fchrende Bio-Grossh\u00e4ndler der Schweiz. Durch die Partnerschaft mit Bio partner vertreiben wir die fair gehandelten, veganen, Natrue-zertifizierten Produkte von FAIR SQUARED im Schweizer Fachhandel, wie Biofachhandel, Reformh\u00e4user, Apotheken, Drogerien.<\/p>\n<h3><hr class=\"symple-divider fadeout \" style=\"margin-top: 20px;margin-bottom: 20px;\" \/><\/h3>\n<h3>Pro Juventute<\/h3>\n<p><a href=\"http:\/\/www.projuventute.ch\" target=\"_blank\"><img loading=\"lazy\" class=\"alignnone wp-image-1855\" src=\"https:\/\/rheinbrands.com\/wordpress\/wp-content\/uploads\/2015\/02\/logo-web.jpg\" alt=\"logo web\" width=\"269\" height=\"211\" srcset=\"https:\/\/rheinbrands.com\/wordpress\/wp-content\/uploads\/2015\/02\/logo-web.jpg 363w, https:\/\/rheinbrands.com\/wordpress\/wp-content\/uploads\/2015\/02\/logo-web-300x235.jpg 300w\" sizes=\"(max-width: 269px) 100vw, 269px\" \/><\/a>Mit jedem verkauften Kondom unterst\u00fctzen wir die wertvolle Arbeit von Pro Juventute<\/p>\n<p>Es freut\u00a0uns, dass wir Pro Juventute als Support-Partner unterst\u00fctzen k\u00f6nnen und damit einen Beitrag zu einer gl\u00fccklicheren und sorgenfreieren Generation von Kindern und Jugendlichen leisten d\u00fcrfen.<\/p>\n<p>Wir von der Firma RheinBrands haben uns dazu entschlossen jeden Monat einen Teil des Umsatzes, welcher durch den Verkauf unseres Kondomsortiments erzielt wird, an Pro Juventute zu spenden. Eine Kooperation, welche mehr ist als nur finanzielle Unterst\u00fctzung und uns sehr am Herzen liegt. Mehr dazu erfahren Sie <a title=\"Support Partner Pro Juventute\" href=\"https:\/\/rheinbrands.com\/wordpress\/rheinbrands-unterstuetzt-pro-juventute-als-support-partner\/\">hier<\/a><\/p>\n<p>Mehr Informationen zu Pro Juventute und wie auch Sie die wertvolle Arbeit unterst\u00fctzen k\u00f6nnen, finden Sie auf\u00a0<a title=\"Pro Juventute\" href=\"www.projuventute.ch\" target=\"_blank\">www.projuventute.ch<\/a><\/p>\n<h3><hr class=\"symple-divider solid \" style=\"margin-top: 20px;margin-bottom: 20px;\" \/><\/h3>\n<h3>Manuellen &#8211;\u00a0women healthcare network<\/h3>\n<p><a href=\"http:\/\/www.manuellen.ch\" target=\"_blank\"><img loading=\"lazy\" class=\"alignnone wp-image-1834\" src=\"https:\/\/rheinbrands.com\/wordpress\/wp-content\/uploads\/2014\/01\/logo_manuellen-e1424160356702.jpg\" alt=\"logo_manuellen\" width=\"171\" height=\"178\" srcset=\"https:\/\/rheinbrands.com\/wordpress\/wp-content\/uploads\/2014\/01\/logo_manuellen-e1424160356702.jpg 589w, https:\/\/rheinbrands.com\/wordpress\/wp-content\/uploads\/2014\/01\/logo_manuellen-e1424160356702-288x300.jpg 288w\" sizes=\"(max-width: 171px) 100vw, 171px\" \/><\/a>Viele intime Frauenthemen sind leider immer noch tabu und Frau weiss oft nicht an wen sie sich mit ihren Fragen oder Bed\u00fcrfnissen wenden kann und darf. In der Gyn\u00e4kologischen Praxis herrscht oft Zeitmangel f\u00fcr ein tiefes Gespr\u00e4ch und im Fachhandel, Apotheke und Drogerie fehlt es vielleicht an der n\u00f6tigen Diskretion und \/oder Kompetenz.<\/p>\n<p><strong>Manuellen zeigt das Potential und Bed\u00fcrfnis auf &#8211; v<\/strong><strong>on Frau zu Frau \u2013 diskret und kompetent<strong>\u00a0\u2013 offen, ehrlich und vertraulich &#8211;\u00a0<\/strong><\/strong><strong>vernetzt und informiert &#8211;\u00a0<\/strong><a title=\"Manuellen\" href=\"http:\/\/www.manuellen.ch\" target=\"_blank\">www.manuellen.ch<\/a><\/p>\n<h3><hr class=\"symple-divider fadeout \" style=\"margin-top: 20px;margin-bottom: 20px;\" \/><\/h3>\n<h3>ecoaction GmbH<\/h3>\n<p><a href=\"http:\/\/www.ecoaction.eu \" target=\"_blank\"><img loading=\"lazy\" class=\"alignnone wp-image-1493\" style=\"line-height: 1.5em;\" src=\"https:\/\/rheinbrands.com\/wordpress\/wp-content\/uploads\/2014\/01\/ecoaction-logo-e1392385574554.jpg\" alt=\"ecoaction logo\" width=\"190\" height=\"107\" \/><\/a>Die ecoaction GmbH ist unser starker Partner f\u00fcr Deutschland, \u00d6sterreich und andere internationale M\u00e4rkte. Einige unserer Produkte entwickeln wir in enger Zusammenarbeit und \u00fcbernehmen jeweils gegenseitig den Vertrieb im eigenen Markt. Die ecoaction richtetet sich an\u00a0Menschen, die gro\u00dfen Wert auf Wohlbefinden legen und ihre Sinnlichkeit phantasievoll ausleben wollen. Zudem ist ein grosser Teil ihres Sortiments \u00f6kologisch und\/oder fair hergestelltelt. <a href=\"http:\/\/www.ecoaction.eu\" target=\"_blank\">www.ecoaction.eu<\/a>\u00a0<hr class=\"symple-divider solid \" style=\"margin-top: 20px;margin-bottom: 20px;\" \/>\n<h3 style=\"text-align: justify;\">Galexis<\/h3>\n<p style=\"text-align: justify;\"><a href=\"http:\/\/www.galexis.ch\" target=\"_blank\"><img loading=\"lazy\" class=\"alignnone wp-image-1513\" src=\"https:\/\/rheinbrands.com\/wordpress\/wp-content\/uploads\/2014\/01\/galexis-logo.jpg\" alt=\"galexis logo\" width=\"190\" height=\"92\" \/><\/a>Galexis (Galenica Gruppe) erbringt als Marktf\u00fchrerin in der Gesundheitslogistik integrierte Dienstleistungen \u2013 schweizweit. Als f\u00fchrender Pharmagrossist gew\u00e4hrleistet Galexis termingerechte und fl\u00e4chendeckende Versorgung im ganzen Land.\u00a0Mit zwei leistungsstarken Distributionszentren und einem umfassenden Produkte- und Dienstleistungsangebot ist Galexis der ideale starke Partner f\u00fcr Apotheken, Arztpraxen, Drogerien, Heime und Spit\u00e4ler. <a href=\"http:\/\/http:\/\/www.galexis.com\/\" target=\"_blank\">www.galexis.com<\/a>\u00a0\u00a0<hr class=\"symple-divider solid \" style=\"margin-top: 20px;margin-bottom: 20px;\" \/>\n<h3>Voigt<\/h3>\n<p><a href=\"http:\/\/www.voigt.ch\" target=\"_blank\"><img loading=\"lazy\" src=\"https:\/\/rheinbrands.com\/wordpress\/wp-content\/uploads\/2014\/01\/voigt-logo.jpg\" alt=\"voigt logo\" width=\"190\" height=\"62.43\" \/><\/a>Das Engagement der Voigt Gruppe gilt seit \u00fcber 100 Jahren der Logistik im Gesundheits-, Pr\u00e4ventions- und Wellnessmarkt.\u00a0An drei Standorten bietet Voigt verschiedenste Dienstleistungen f\u00fcr die Distribution von Medikamenten und anderen Produkten aus diesen M\u00e4rkten bereit. Informieren Sie sich im Detail \u00fcber die einzelnen Angebote auf den verschiedenen Seiten der drei Gesch\u00e4ftsbereiche: Voigt AG Pharma Grosshandel, Voigt Industrie Service AG und Voigt International AG.\u00a0<a href=\"http:\/\/www.voigt.ch\" target=\"_blank\">www.voigt.ch<\/a>\u00a0<hr class=\"symple-divider solid \" style=\"margin-top: 20px;margin-bottom: 20px;\" \/>\n<h3>Amedis<\/h3>\n<p><a href=\"http:\/\/www.amedis.ch\/\" target=\"_blank\"><img loading=\"lazy\" src=\"https:\/\/rheinbrands.com\/wordpress\/wp-content\/uploads\/2014\/01\/amedis-logo.jpg\" alt=\"amedis logo\" width=\"190\" height=\"82.54\" \/><\/a><\/p>\n<p>Amedis-UE AG bietet massgeschneiderte Dienstleistungen f\u00fcr Apotheken, Drogerien, \u00c4rzte, Spit\u00e4ler und Heime an. Wir gew\u00e4hrleisten eine fl\u00e4chen- deckende Versorgung der Schweiz mit Pharma- und Gesundheitsprodukten.\u00a0Mit breitem Sortiment, moderner Logistik, zertifiziertem Qualit\u00e4tsmanagement, attraktiven Preisen und kompetenten Mitarbeitern m\u00f6chten wir Ihnen einen soliden und wirtschaftlichen Mehrwert sichern.\u00a0<a href=\"http:\/\/www.amedis.ch\/\" target=\"_blank\">www.amedis.ch<\/a>\u00a0<hr class=\"symple-divider solid \" style=\"margin-top: 20px;margin-bottom: 20px;\" \/>\n<h3>plusherz \u2013 wir leben liebensmittel<\/h3>\n<p><a href=\"http:\/\/www.plusherz.com\" target=\"_blank\"><img loading=\"lazy\" class=\"alignnone\" src=\"https:\/\/rheinbrands.com\/wordpress\/wp-content\/uploads\/2014\/01\/plusherz-partner-e1392385636796.jpg\" alt=\"plusherz partner\" width=\"190\" height=\"54.72\" \/><\/a>Jeder Mensch ist anders und hat unterschiedliche W\u00fcnsche, Vorlieben, Neigungen, Einstellungen und Bed\u00fcrfnisse. plusherz ist der pers\u00f6nliche und doch diskrete Ansprechpartner f\u00fcr Alles rund um ein sorgloses und erf\u00fclltes Liebesleben.\u00a0plusherz bietet interessante Informationen, spannende Produkte und hilfreiche L\u00f6sungen, welche genau auf die aktuelle Lebenssituation zugeschnitten sind und auf individuelle Bed\u00fcrfnisse eingehen. Im einzigartigen Erotic-Lifestyle Blog gibt es viele Tipps, Trends und Vergn\u00fcgliches rund um die sch\u00f6nste Sache der Welt, denn Wissen macht bekanntlich sexy!\u00a0<a href=\"http:\/\/www.plusherz.com\" target=\"_blank\">www.plusherz.com<\/a>\u00a0 \u00a0<hr class=\"symple-divider solid \" style=\"margin-top: 20px;margin-bottom: 20px;\" \/>\n<h3>MK &#8211; Marketing &amp; Kommunikation<\/h3>\n<p style=\"text-align: justify;\"><a style=\"line-height: 1.5em;\" href=\"http:\/\/www.mkommunikation.ch\/\" target=\"_blank\"><img loading=\"lazy\" class=\"wp-image-1505 alignnone\" src=\"https:\/\/rheinbrands.com\/wordpress\/wp-content\/uploads\/2014\/01\/mk_logo.jpg\" alt=\"mk_logo\" width=\"190\" height=\"36.07\" srcset=\"https:\/\/rheinbrands.com\/wordpress\/wp-content\/uploads\/2014\/01\/mk_logo.jpg 1063w, https:\/\/rheinbrands.com\/wordpress\/wp-content\/uploads\/2014\/01\/mk_logo-300x57.jpg 300w, https:\/\/rheinbrands.com\/wordpress\/wp-content\/uploads\/2014\/01\/mk_logo-1024x194.jpg 1024w\" sizes=\"(max-width: 1063px) 100vw, 1063px\" \/><\/a>Strategische &amp; operative Betreuung f\u00fcr KMU\u2019s im Bereich\u00a0Marketing &amp; Kommunikation. Von der Analyse, \u00fcber die Ausarbeitung des Marketingkonzepts bis hin zur Umsetzung der daraus abgeleiteten Massnahmen steht MK beratend &amp; unterst\u00fctzend zur Seite.\u00a0Sie \u00fcbernimmt die Recherche, Koordination &amp; Realisation sowie die \u00dcberwachung der definierten Marketingziele.\u00a0Auch in Sachen Administration, Aufbau neuer Strukturen &amp; interner Organisation bietet sie hilfreiche Unterst\u00fctzung oder gibt\u00a0einfach einmal einen \u00abBlick von Aussen\u00bb, um notwendige\u00a0Ver\u00e4nderungen anzustreben.\u00a0<a href=\"http:\/\/www.mkommunikation.ch\" target=\"_blank\">www.mkommunikation.ch<\/a>\u00a0<hr class=\"symple-divider solid \" style=\"margin-top: 20px;margin-bottom: 20px;\" \/>\n<h3>DOLSAN<\/h3>\n<p><a href=\"http:\/\/www.dolsan.ch\" target=\"_blank\"><img loading=\"lazy\" class=\"alignnone  wp-image-1514\" src=\"https:\/\/rheinbrands.com\/wordpress\/wp-content\/uploads\/2014\/01\/dolsan-logo.jpg\" alt=\"dolsan logo\" width=\"190\" height=\"65.03\" srcset=\"https:\/\/rheinbrands.com\/wordpress\/wp-content\/uploads\/2014\/01\/dolsan-logo.jpg 309w, https:\/\/rheinbrands.com\/wordpress\/wp-content\/uploads\/2014\/01\/dolsan-logo-300x102.jpg 300w\" sizes=\"(max-width: 309px) 100vw, 309px\" \/><\/a>Dolsan AG ist ein junges und dynamisches Schweizer Unternehmen mit Sitz in Affoltern a. A. Die Firma vertreibt Gesundheits- und Medizinprodukte in der ganzen Schweiz. Unsere Produkte und Leistungen sind innovativ und l\u00f6sungsorientiert. Wir bieten Gesamtl\u00f6sungen f\u00fcr gesundheitliche oder medizinische Probleme. Das Wohlbefinden und die Gesundheit unserer Kundinnen und Kunden stehen f\u00fcr uns t\u00e4glich im Mittelpunkt. <a href=\"http:\/\/www.dolsan.ch\" target=\"_blank\">www.dolsan.ch<\/a>\u00a0<hr class=\"symple-divider solid \" style=\"margin-top: 20px;margin-bottom: 20px;\" \/>\n<h3>BeBo &#8211; Gesundheitstraining<\/h3>\n<p><a href=\"http:\/\/www.beckenboden.com\" target=\"_blank\"><img loading=\"lazy\" class=\"alignnone wp-image-1517\" src=\"https:\/\/rheinbrands.com\/wordpress\/wp-content\/uploads\/2014\/01\/bebo-logo.jpg\" alt=\"bebo logo\" width=\"190\" height=\"130\" \/><\/a><\/p>\n<p>BeBo engagiert sich seit 1996 f\u00fcr das Thema Beckenboden\/Beckenbodentraining. Von den so genannten &#8216;Kegel\u00fcbungen&#8217; des amerikanischen Urologen Arnold Kegel bis zum heutigen wissenschaftlich fundierten Beckenbodentraining liegt ein langer Weg. Dank jahrelanger Erfahrung entstand das eigene Konzept und kann die Wirksamkeit des BeBo Trainings best\u00e4tigt werden.\u00a0Das BeBo Konzept versteht sich als ganzheitliches therapeutisches Massnahmenpaket zur Pr\u00e4vention und Verbesserung der Folgeproblematik eines zu schwachen Beckenbodens, wie R\u00fcckenbeschwerden, Wirbels\u00e4uleninstabilit\u00e4t, Senkungs-, Prostataprobleme, erektile Dysfunktion, Aufbautraining nach Geburt und Operationen des Unterleibs oder der Prostata.\u00a0<a href=\"http:\/\/www.beckenboden.com\" target=\"_blank\">www.beckenboden.com<\/a>\u00a0<hr class=\"symple-divider solid \" style=\"margin-top: 20px;margin-bottom: 20px;\" \/>\n<h3>Pipiza<\/h3>\n<p><a href=\"http:\/\/www.pipiza.ch\" target=\"_blank\"><img loading=\"lazy\" class=\"alignnone wp-image-1870\" src=\"https:\/\/rheinbrands.com\/wordpress\/wp-content\/uploads\/2014\/01\/Pipiza_logo.png\" alt=\"Pipiza_logo\" width=\"201\" height=\"71\" \/><\/a>Pipiza stellt handgemachte Baby und Kinderartikel aus kinderfreundlichen Textilien her, wobei stets auf Qualit\u00e4t und Individualit\u00e4t geachtet wird. Pipiza legt Wert darauf, handgemachte Produkte in guter Qualit\u00e4t und zu erschwinglichen Preisen anzubieten. Die Kindheit ist zu kurz, um \u00fcberteuerte Sachen f\u00fcr \u201cspezielle Anl\u00e4sse\u201d aufzubewahren! Die Kinder sollen einfach Kinder sein und auch mal Kleckern d\u00fcrfen!\u00a0<a title=\"Pipiza\" href=\"http:\/\/www.pipiza.ch\" target=\"_blank\">www.pipiza.ch<\/a>\u00a0<hr class=\"symple-divider fadeout \" style=\"margin-top: 20px;margin-bottom: 20px;\" \/>\n","protected":false},"excerpt":{"rendered":"<p>Das Ganze ist mehr als die Summe seiner Teile&#8230; Bio Partner Bio Partner ist der f\u00fchrende Bio-Grossh\u00e4ndler der Schweiz. Durch die Partnerschaft mit Bio partner vertreiben wir die fair gehandelten, veganen, Natrue-zertifizierten Produkte von FAIR SQUARED im Schweizer Fachhandel, wie&#8230;<\/p>\n","protected":false},"author":1,"featured_media":0,"parent":0,"menu_order":0,"comment_status":"closed","ping_status":"closed","template":"","meta":[],"_links":{"self":[{"href":"https:\/\/rheinbrands.com\/wordpress\/wp-json\/wp\/v2\/pages\/396"}],"collection":[{"href":"https:\/\/rheinbrands.com\/wordpress\/wp-json\/wp\/v2\/pages"}],"about":[{"href":"https:\/\/rheinbrands.com\/wordpress\/wp-json\/wp\/v2\/types\/page"}],"author":[{"embeddable":true,"href":"https:\/\/rheinbrands.com\/wordpress\/wp-json\/wp\/v2\/users\/1"}],"replies":[{"embeddable":true,"href":"https:\/\/rheinbrands.com\/wordpress\/wp-json\/wp\/v2\/comments?post=396"}],"version-history":[{"count":70,"href":"https:\/\/rheinbrands.com\/wordpress\/wp-json\/wp\/v2\/pages\/396\/revisions"}],"predecessor-version":[{"id":2060,"href":"https:\/\/rheinbrands.com\/wordpress\/wp-json\/wp\/v2\/pages\/396\/revisions\/2060"}],"wp:attachment":[{"href":"https:\/\/rheinbrands.com\/wordpress\/wp-json\/wp\/v2\/media?parent=396"}],"curies":[{"name":"wp","href":"https:\/\/api.w.org\/{rel}","templated":true}]}}